 divided by 238.
233
Calculate the remainder when 1176997 is divided by 911.
896
Calculate the remainder when 6010 is divided by 2965.
80
Calculate the remainder when 29134 is divided by 190.
64
Calculate the remainder when 1023221 is divided by 268.
265
Calculate the remainder when 357363 is divided by 357362.
1
What is the remainder when 3555 is divided by 497?
76
What is the remainder when 13505 is divided by 1915?
100
What is the remainder when 697553 is divided by 58?
45
Calculate the remainder when 2387 is divided by 138.
41
Calculate the remainder when 5662 is divided by 203.
181
What is the remainder when 53974 is divided by 52?
50
Calculate the remainder when 15648 is divided by 123.
27
Calculate the remainder when 3558 is divided by 396.
390
Calculate the remainder when 3673 is divided by 159.
16
What is the remainder when 1280284 is divided by 7487?
7
What is the remainder when 50448 is divided by 50375?
73
Calculate the remainder when 21452 is divided by 10041.
1370
Calculate the remainder when 225231 is divided by 7.
6
Calculate the remainder when 63456 is divided by 259.
1
What is the remainder when 962 is divided by 905?
57
Calculate the remainder when 1210 is divided by 355.
145
Calculate the remainder when 1287 is divided by 83.
42
Calculate the remainder when 3904 is divided by 36.
16
What is the remainder when 11909 is divided by 443?
391
What is the remainder when 374328 is divided by 30?
18
Calculate the remainder when 10086285 is divided by 59.
58
What is the remainder when 1002061 is divided by 16?
13
Calculate the remainder when 6973 is divided by 987.
64
What is the remainder when 639 is divided by 53?
3
Calculate the remainder when 19633 is divided by 307.
292
Calculate the remainder when 4991 is divided by 24.
23
Calculate the remainder when 98525 is divided by 22.
9
Calculate the remainder when 264 is divided by 135.
129
Calculate the remainder when 2626 is divided by 51.
25
What is the remainder when 46264 is divided by 11563?
12
Calculate the remainder when 5528 is divided by 5365.
163
What is the remainder when 14676 is divided by 2433?
78
What is the remainder when 2603 is divided by 456?
323
What is the remainder when 7010 is divided by 23?
18
What is the remainder when 122240 is divided by 13?
1
What is the remainder when 9627 is divided by 317?
117
Calculate the remainder when 17621 is divided by 108.
17
Calculate the remainder when 264721 is divided by 17.
14
Calculate the remainder when 702658 is divided by 588.
586
Calculate the remainder when 58739 is divided by 44.
43
What is the remainder when 132379 is divided by 8822?
49
What is the remainder when 15726 is divided by 7578?
570
What is the remainder when 7105998 is divided by 836?
834
Calculate the remainder when 13424 is divided by 2679.
29
Calculate the remainder when 2953 is divided by 101.
24
What is the remainder when 9908 is divided by 9577?
331
What is the remainder when 9772 is divided by 3256?
4
Calculate the remainder when 12812 is divided by 50.
12
Calculate the remainder when 12031 is divided by 6.
1
What is the remainder when 5495 is divided by 87?
14
Calculate the remainder when 22625 is divided by 11307.
11
What is the remainder when 6569 is divided by 283?
60
What is the remainder when 2488 is divided by 629?
601
What is the remainder when 12871 is divided by 1208?
791
What is the remainder when 4865 is divided by 2262?
341
What is the remainder when 20155 is divided by 285?
205
What is the remainder when 3816 is divided by 15?
6
What is the remainder when 516 is divided by 53?
39
Calculate the remainder when 14510 is divided by 4803.
101
Calculate the remainder when 582564 is divided by 4775.
14
What is the remainder when 1532 is divided by 12?
8
What is the remainder when 16145 is divided by 1761?
296
Calculate the remainder when 2068 is divided by 810.
448
Calculate the remainder when 7764 is divided by 480.
84
Calculate the remainder when 160958 is divided by 29.
8
What is the remainder when 413 is divided by 374?
39
What is the remainder when 2123484 is divided by 41?
12
What is the remainder when 11972 is divided by 188?
128
What is the remainder when 10690 is divided by 991?
780
What is the remainder when 1343 is divided by 922?
421
Calculate the remainder when 9964 is divided by 39.
19
What is the remainder when 105192 is divided by 131?
130
Calculate the remainder when 175451 is divided by 175447.
4
Calculate the remainder when 25908 is divided by 73.
66
What is the remainder when 5981 is divided by 374?
371
Calculate the remainder when 14839 is divided by 7413.
13
What is the remainder when 115890 is divided by 225?
15
Calculate the remainder when 51507 is divided by 599.
592
What is the remainder when 139719 is divided by 280?
279
Calculate the remainder when 2907 is divided by 2757.
150
What is the remainder when 8047 is divided by 1115?
242
Calculate the remainder when 33481 is divided by 64.
9
What is the remainder when 20787 is divided by 6923?
18
Calculate the remainder when 1510 is divided by 134.
36
Calculate the remainder when 2026 is divided by 7.
3
What is the remainder when 3259 is divided by 32?
27
What is the remainder when 133092 is divided by 66527?
38
What is the remainder when 177406 is divided by 41?
40
Calculate the remainder when 6113 is divided by 25.
13
Calculate the remainder when 13517 is divided by 15.
2
Calculate the remainder when 146422 is divided by 25.
22
What is the remainder when 214676 is divided by 21465?
26
Calculate the remainder when 157797 is divided by 140.
17
What is the remainder when 2471359 is divided by 756?
751
What is the remainder when 51583 is divided by 653?
649
Calculate the remainder when 56159 is divided by 1650.
59
What is the remainder when 7285 is divided by 54?
49
Calculate the remainder when 16006 is divided by 20.
6
What is the remainder when 8052 is divided by 17?
11
Calculate the remainder when 15772 is divided by 20.
12
What is the remainder when 5502 is divided by 230?
212
What is the remainder when 320731 is divided by 27?
25
What is the remainder when 64821 is divided by 74?
71
What is the remainder when 4813 is divided by 20?
13
What is the remainder when 4199 is divided by 476?
391
What is the remainder when 5169 is divided by 115?
109
What is the remainder when 378335 is divided by 56?
55
What is the remainder when 7936 is divided by 18?
16
What is the remainder when 35176 is divided by 31?
22
Calculate the remainder when 10082 is divided by 1382.
408
Calculate the remainder when 19805 is divided by 183.
41
Calculate the remainder when 8835 is divided by 748.
607
What is the remainder when 3836 is divided by 147?
14
What is the remainder when 5571 is divided by 5492?
79
What is the remainder when 95534 is divided by 49?
33
What is the remainder when 6043 is divided by 1964?
151
Calculate the remainder when 81827 is divided by 40842.
143
Calculate the remainder when 5831 is divided by 2897.
37
Calculate the remainder when 66265 is divided by 2454.
7
What is the remainder when 7896 is divided by 2587?
135
What is the remainder when 33684 is divided by 526?
20
What is the remainder when 45192 is divided by 5648?
8
What is the remainder when 352649 is divided by 372?
365
Calculate the remainder when 60013 is divided by 741.
733
What is the remainder when 659 is divided by 219?
2
Calculate the remainder when 99188 is divided by 3304.
68
What is the remainder when 46256 is divided by 185?
6
Calculate the remainder when 14994 is divided by 40.
34
Calculate the remainder when 10929 is divided by 80.
49
Calculate the remainder when 1534 is divided by 331.
210
Calculate the remainder when 67731 is divided by 71.
68
What is the remainder when 7944 is divided by 184?
32
What is the remainder when 823261 is divided by 429?
10
What is the remainder when 2207661 is divided by 50?
11
Calculate the remainder when 5001619 is divided by 101.
99
What is the remainder when 341881 is divided by 505?
501
What is the remainder when 826 is divided by 14?
0
What is the remainder when 135290 is divided by 27046?
60
Calculate the remainder when 1020595 is divided by 1080.
1075
Calculate the remainder when 3741266 is divided by 1621.
1619
What is the remainder when 22601 is divided b